 2*g**2 + 192 + 27*g. Let j be i(13). Give s(j).
-28
Suppose 3*n + 4 = 2*w, 0 = -21*n + 24*n. Let c = w - -6. Let u(y) = -y**3 + 8*y**2 + 2*y - 8. Calculate u(c).
8
Let i(z) be the third derivative of 1/10*z**5 - 85*z**2 + 1/120*z**6 + 0*z + 0 - 1/2*z**3 + 1/6*z**4. What is i(-5)?
2
Let f(v) be the third derivative of -v**6/120 + 29*v**5/30 - 21*v**4/8 + 175*v**3/3 + 2*v**2 + 135*v - 7. Determine f(57).
8
Let m(g) = 3*g + 7. Suppose -2*a + 0*a = -10. Let n(b) = -2*b - 1. Let f(y) = 17*y + 7. Let h(q) = 2*f(q) + 18*n(q). Let k(p) = a*h(p) + 3*m(p). Give k(-2).
3
Let s = -984 - -982. Let x(d) = -3 + 0*d - 4 + 4 - 2*d. Determine x(s).
1
Let a(y) = 10*y**2 - y + 1. Let z be (-4)/((2 - -2) + -5). Suppose -z*q = -3 - 17. Suppose 6 = -4*l + q*f, 0 = -2*l + 4*f - f - 4. Give a(l).
10
Let o(x) = 5 - 15 + 565*x**2 + 1 - 567*x**2 + 23*x - 24. Determine o(10).
-3
Let u(g) = g**3 - 6*g**2 - 6*g. Suppose -5*l + 4*c = 6*c + 50, 20 = -2*l + 3*c. Let t be 2/(-11) + (l - 945/(-55)). Determine u(t).
7
Let y be -4*(18/4)/(-9). Let j(l) = -73*l**2 + 19*l**2 + 26*l**y - 4 + 7*l + 27*l**2. Determine j(3).
8
Let u(m) = -m**2 + 9*m - 2. Suppose t - 3*r - 5 = 0, 0 = 5*t - 3*r - r - 58. Suppose -t*c + 2*c - 396 = 0. Let o = -26 - c. Determine u(o).
12
Suppose 25 = 5*o, 4*h - o - 19 + 12 = 0. Let w(y) = -5 - 5*y - y**2 + 12*y + 2*y + h*y. What is w(12)?
-5
Let s = -2668 + 2668. Let z(p) = p**3 + 2*p + 18. What is z(s)?
18
Let r(u) be the third derivative of u**4/12 - 7*u**3/2 - 1556*u**2. Calculate r(9).
-3
Let s(h) be the first derivative of -3*h**2 - 29*h + 2497. Calculate s(0).
-29
Let t(u) = -u**2 + 6. Let i(y) = 5*y**2 - 19*y - 28. Let h(o) = 5*o**2 - 18*o - 26. Let b(q) = -4*h(q) + 3*i(q). Let k be b(4). What is t(k)?
6
Let o(m) be the second derivative of m**3/6 - 10*m. Suppose 10*n + 6 = 12*n. Let i be ((-208)/(-24) - 10)/(2/n). Determine o(i).
-2
Let w(y) = y**2 - 5*y - 6. Let x = -60 - -61. Let k be 20/(-12)*x*3. Let z(f) = f**2 + 3*f - 3. Let n be z(k). What is w(n)?
8
Suppose -5*t + 3 = -22. Suppose 3*h + 24 = 5*f, -h = -t*f - 4*h + 6. Let z(n) = 1 + 4*n**3 - 6*n**3 - 4*n**2 - 6*n + 3*n**f. Give z(5).
-4
Let p(n) = -4*n + 1. Let l(s) = 33*s - 22. Let y(u) = 3*l(u) + 24*p(u). Determine y(13).
-3
Suppose 0 = -63*f - 222 + 348. Let t(l) = -31*l + 69. Calculate t(f).
7
Let i(o) = -3*o + 3*o + o**2 - 5*o + 3*o - 2*o - 9. Give i(-4).
23
Suppose 0 = -13*g - 197 + 1107. Let c(k) = -2 - g*k + 37*k + 36*k. What is c(8)?
22
Let p(u) = u**3 + 2. Let x(i) = -2*i**3 - 14*i**2 + 15*i - 21. Let r(a) = -3*p(a) - x(a). Let f(j) = -j**2 + 6*j + 13. Let h be f(6). Give r(h).
-11
Suppose 2*w = -k - 13, -234*k + 231*k + 11 = -4*w. Let o(q) = -q**2 + q + 18. What is o(k)?
6
Let r(w) be the first derivative of 1/4*w**4 - 1/3*w**3 + 1/2*w**2 + 4*w - 1. Let u = -19680 + 19680. What is r(u)?
4
Let o(a) = 5*a + 8. Let s = 9167 + -9164. What is o(s)?
23
Suppose -5*j = -5*q + 10, j + 2*q - 1 = -0. Let i(u) = 3*u**2 - 9*u - 10. Let z(c) = c**2 - 2*c - 1. Let o(x) = j*i(x) + 2*z(x). Give o(5).
8
Let u(d) be the third derivative of d**6/180 + d**5/20 - d**4/24 - 2*d**3/3 - 2*d**2 - 14*d. Let l(y) be the second derivative of u(y). What is l(6)?
30
Suppose z - 41 = -5*u, z = -4*u - 15 + 52. Suppose 11*t + z = -10*t. Let v(j) = -3*j**3. Give v(t).
3
Let k(z) = 5*z - 1. Suppose 0 = 4*o - 3*o + 3*n + 35, 3*o + 4*n + 125 = 0. Let p = o + 51. Give k(p).
19
Let a(s) = -2*s**2 - 15*s + 32. Let m(b) = -b**2 - 9*b + 16. Let j(x) = 4*a(x) - 7*m(x). Calculate j(0).
16
Let p = 99 - 97. Suppose -a - 4*g - 18 = 0, p*g - 1 = -11. Let n(x) = 2 - 4*x**2 + 0*x**2 + 2*x - x**2. Calculate n(a).
-14
Let r(j) = 20. Let f(u) = 3*u + 37. Let o(x) = f(x) - 2*r(x). Suppose 0 = -4*h + 4 + 4. What is o(h)?
3
Let i(k) = -k**3 - 8*k**2 - 9*k - 9. Suppose 16 = d + 11. Suppose 5*j + 2*x + 30 = 0, 4*j + d*x = 9*j + 30. What is i(j)?
-27
Let f(x) = 384*x**2 - 213*x + 101*x + 20 + 88*x - 385*x**2. Give f(-24).
20
Let o(f) = 2*f**3 - 9*f**2 - 23 - 43*f**2 - 12*f + 10*f + 19*f**2 + 7*f**2. Determine o(13).
-49
Let x be 4 + (-3)/(5 - (3 - (-57)/33)). Let p(g) = -g**3 - 9*g**2 - 11*g + 16. Determine p(x).
-5
Let s(z) = z**3 + 6*z**2 - 2*z - 5. Let d = -109 + 154. Suppose 9*k - d - 90 = 0. Suppose k*o - 17*o = 12. Give s(o).
7
Suppose -2 = 4*k + 32 - 78. Let r(j) = -2*j**2 + 25*j - 36. What is r(k)?
-3
Let z(d) be the third derivative of -d**6/120 + 19*d**5/60 - 21*d**4/8 + 37*d**3/6 - 492*d**2 + 1. Give z(15).
-8
Let f(y) be the second derivative of -y**6/360 + y**5/60 + 5*y**4/24 - y**3/6 + 36*y**2 - 2*y + 27. Let k(a) be the second derivative of f(a). Give k(0).
5
Let z = 26 - 18. Let n be 4/z*(0 + 0). Let u(b) = b**2 - 7 - 9 + 10. What is u(n)?
-6
Let p(f) = f**2 + 8*f + 9. Let l(z) = -z**2 - 8*z - 9. Let t = 42 - 38. Let s(x) = t*p(x) + 5*l(x). Give s(-8).
-9
Let m(f) = -f**2 - 35*f + 392. Let t be m(9). Let o(d) = 4*d**3 + 15*d**2 - 4. Calculate o(t).
-20
Let n(v) = 31*v**2 + v - 2. Let h be n(1). Let p = -27 + h. Let j(s) = -4*s**3 - 7*s**2 - s**p + 4*s**3. Determine j(-7).
0
Suppose 0 = -5*l - 2*h - 5, 4*l + 2*h + h = -4. Let z(w) be the second derivative of -3*w**4/4 - w**3/3 - w**2/2 - 13*w - 45. Calculate z(l).
-8
Let u(o) = -o**3 + 9*o**2 - o + 11. Let s be (-25)/(-20)*(2 + 26). Suppose -s*t + 21*t = -126. Give u(t).
2
Let c(r) = -14 + 3422*r + 116 - 3417*r - r**2. Give c(-8).
-2
Let z(l) = -4*l**2 - 8*l - 9. Suppose -168 = 7127*d - 6959*d. Calculate z(d).
-5
Let y(o) be the second derivative of o**3/2 - o**2 + o. Suppose 0 = 23*c + 2*c - 75. Suppose 3*i + 1 = -4*l + 4, -c*l - 14 = -i. Determine y(i).
13
Let z(w) be the second derivative of -w**5/20 - 7*w**4 + 173*w**3/6 + 79*w**2/2 - 1729*w + 2. Determine z(-86).
-7
Let v be (-284)/(-12) - 1/(-3). Let r = v - 22. Suppose 0 = -4*d - 0*l + l - 4, r*d - 5*l - 16 = 0. Let m(o) = -o**3 - 5*o**2 - 3*o - 1. Determine m(d).
-7
Let f(z) be the third derivative of -5*z**4/24 + 2*z**3/3 - 2*z**2. Let p be (-12 - 535/(-45))*-9*(-2 - -4). Give f(p).
-6
Let o(i) = 6*i. Let d be o(6). Suppose -5*v + d = 3*t, -5*t + 3*v + 6 + 20 = 0. Suppose 30 = t*n + 8*n. Let f(s) = -s**3 - s**2 + 3*s - 2. What is f(n)?
-8
Let s(m) = 35*m**3 - 4*m**2 + 2*m. Let p(f) = 40*f**3 - 2*f**2 + f. Let i(w) = -p(w) + s(w). Let g be ((-6)/4)/(21/(-14)). Give i(g).
-6
Let y be ((-1)/(-10)*8)/((-2)/(-5)). Suppose -36 = -2*r - y*u, 3*u - 94 + 23 = -4*r. Let z(h) = -r - 14*h + 9 + 9. Give z(1).
-13
Let r(y) be the third derivative of y**5/60 - y**4/3 - 7*y**3/3 + 2*y**2 + 385*y. Give r(11).
19
Let j(d) = 8*d + 36. Suppose 368 = 14*x - 60*x. Give j(x).
-28
Let o(d) = 3*d**2 + d + 1. Suppose 5*g + 5*b - 1170 = 0, 0*g - 4*g + b = -956. Let s be 2/7 + (-306)/g. Calculate o(s).
3
Suppose 4*y = -2*d + 18, -5*y = -2*d + d - 5. Let o(m) = 7 + m - 4 + y*m + 2. Suppose 0 = -0*k - 2*k + 8, 5*k - 40 = 5*h. Determine o(h).
-7
Let v(y) = 5*y**3 + 33*y**2 - 15*y + 29. Let z(j) = 6*j**3 + 37*j**2 - 17*j + 31. Let i(n) = -7*v(n) + 6*z(n). Calculate i(9).
10
Let o(s) = s + 2. Let d be o(6). Suppose 4*q + m - 5*m = 8, 0 = -4*q - 2*m + d. Let y(i) = -1 - 2*i - i + 2*i**2 + 4 - 2. Calculate y(q).
3
Let i(c) = c**3 - 5*c**2 - 11*c - 21. Let t = 10429 - 10422. Calculate i(t).
0
Let l(i) = 18*i**3 + 167*i**2 - 99*i - 39. Let p(w) = -10*w**3 - 89*w**2 + 50*w + 20. Let h(b) = 6*l(b) + 11*p(b). Calculate h(9).
-5
Let x be (-1)/(4/(-75)) + 27/(-36). Suppose -x*o - 9 - 27 = 0. Let n(l) = l**2 - 2. What is n(o)?
2
Let m(k) be the first derivative of -k**6/360 + k**5/40 + k**4/24 - 32*k**3 - 179. Let i(u) be the third derivative of m(u). Give i(4).
-3
Let o(h) = h**3 + 15*h**2 - h - 10. Let t be o(-15). Let q(k) = -t*k - 7 - 4*k + 13*k. Calculate q(5).
13
Let v(x) be the second derivative of -x**5/20 - x**4/12 + x**3/3 + 144*x. Calculate v(1).
0
Let h(t) = -7*t**3 + 1. Let m(i) = i**3 - i**2. Let v(z) = -h(z) - 3*m(z). Suppose -5*f = 4*p - 17, -3*p = -0*p - 3*f + 21. Calculate v(p).
-21
Let l = 16 + -28. Let w(n) = -n + 16. Let x be w(0). Let y = x + l. Let f(t) = t**2 - 3*t - 3. Calculate f(y).
1
Let m(q) be the third derivative of q**5/60 - 5*q**4/6 - 16*q**3/3 - 14*q**2. Let o be m(23). Suppose 0 = 3*u + 10 - o. Let z(j) = -j**2 + 11*j - 10. Give z(u).
8
Let j be (9/(-6) - 2)*(-216)/(-630)*-10. Let t(u) be the third derivative of 1/120*